
Let c(a) = a**3 + 5*a**2 + 23 - 2*a**2 - 27 + 2*a**2. Let z be c(-5). Let n = z + -2. Let p(k) = k + 14. Determine p(n).
8
Let t(y) = 85*y**2 + y**3 + y - 12 - 99*y**2 + 0*y. Suppose 6 = 3*k, -4*b - k = -1 - 57. Let p be t(b). Let d(g) = 2*g**3 - 2*g**2 + g - 2. Give d(p).
8
Let z be (11/(-11))/(2/(-28)). Suppose t - 3*h + 3 = 0, -3*t = -h + 4*h + 57. Let q = z + t. Let n(c) = -c. Calculate n(q).
1
Suppose 4*x - 24 = -0*x. Suppose 4*o - 3*o + x = 0. Let j(t) = t**2 + 12*t + 3. Let k(c) = c**2 + 11*c + 2. Let i(g) = 4*j(g) - 5*k(g). Give i(o).
8
Suppose 2*w + 2 - 6 = 0. Let q(y) = -3 - 2*y**w + 0 + 4 + y**3 + 7*y**3. Let u(m) = -3*m + 2. Let o be u(1). Calculate q(o).
-9
Let f be (0 + 4)*3*1. Let j be f/(-4) + -3 + -2. Let r = -10 - j. Let x(y) = 2*y - 1. Determine x(r).
-5
Let c be 1 - (2 - 3) - 8. Let n(t) = t**2 + 6*t - 4. What is n(c)?
-4
Let w(a) = 2*a - 2. Let s = -327 - -330. Let j(f) = f**2 - 5*f - 3. Let b be j(6). Suppose c = -4*n - b, 0 + 6 = -2*c + s*n. What is w(c)?
-8
Let y(p) = 4*p - 8. Suppose 0*a + 48 = 4*s - 3*a, -2*s + 26 = -2*a. Let j be s - (-12)/(0 - 4). What is y(j)?
16
Let b(w) = -w**2 - w + 9. Let g(c) = -53*c + 49. Let n be g(1). Give b(n).
-3
Let a(j) = 0*j**2 - j - j**2 + 73*j**3 - 74*j**3 + 8. Give a(0).
8
Let l(s) = 3*s**2 + 1 - 3 - 2 + 2*s**3 + 2*s + 3. Let x(r) = -r**3 - r**2 - r + 1. Let f(c) = l(c) + x(c). Let d be 9/(-6) + (-2)/4. Calculate f(d).
-2
Let l(t) be the second derivative of -t**4/2 + t**2/2 - 22*t. Let b be l(1). Let c(m) = m + 7. What is c(b)?
2
Suppose -30 = -o - 4*o. Let d be -6*(3 - 33/9). Let f(i) = -8*i**2 + 7*i**2 + 3 - 11 + d*i + 3*i. Calculate f(o).
-2
Suppose 3*g + 2 = 4*g. Let w(f) = 2*f**2 - 3*f**g + f**3 + 6*f**2 + 4*f + 3. Let i be ((-15)/10)/((-1)/(-2)). Determine w(i).
9
Let u = -8 - -11. Let r = -73 + 79. Let p(n) = -8 - n**2 + r + u. Calculate p(-1).
0
Let h(d) = -d**3 + 6*d**2 + 7*d - 11. Let l be h(5). Suppose 7*k - l = -0*k. Let a(n) = 5 + n**2 - n**2 + 6*n - n**2. Determine a(k).
-2
Let l(f) be the first derivative of -f**4/2 - f**3 - 3*f**2/2 - 2*f + 270. Let b(h) = h - 8. Let p be b(6). What is l(p)?
8
Suppose -12 = -k - 2*h, -k + 3*h - 33 = -4*k. Let a(j) = -2*j + 22. What is a(k)?
2
Let u(o) be the third derivative of 1/12*o**5 - 8*o**2 + 0*o + 1/120*o**6 - 7/24*o**4 - o**3 + 0. What is u(-6)?
0
Let l be (-1 + (-14)/(-10))*5. Let y(a) = -a**3 - 8*a**2 - 12*a + 2. Let v be y(-6). Let c(o) = o**2 + 0*o**2 + 2*o**v - 4*o**2 - o. Calculate c(l).
-6
Let j(o) = 2*o - 2. Let d(q) = -q**3 + 17*q**2 - 2*q + 34. Let v be d(17). Calculate j(v).
-2
Let u = -601 + 596. Let q(r) = -2*r**2 - 3*r - 1. Calculate q(u).
-36
Suppose -p = f - 3*f + 9, -2*p = 3*f - 3. Let t(g) = 5 + 0 - 6 + 5 + f*g. Determine t(-3).
-5
Let b be ((-34)/(-30) - 1) + 611/(-195). Let q(k) = k**3. Let c(r) = -r**2 - 5*r - 2. Let m(a) = c(a) + q(a). Determine m(b).
-23
Let p(w) = -9*w**2. Let m be ((3 + 3)/2)/1 + 1. Suppose -2*z = m*c + 6, -5*z - 15 + 7 = 3*c. What is p(z)?
-9
Let a = -872 - -872. Let t(m) = -6*m**3 - m**2 - 4*m - 1. Let l(d) = 7*d**3 + d**2 + 5*d + 1. Let o(k) = -5*l(k) - 6*t(k). Determine o(a).
1
Let m(t) = 18*t**2 - 1. Let g = 91 - 93. Let c be (8 + -12 + 7)*g/(-6). Give m(c).
17
Let h(v) be the first derivative of 1/3*v**3 + 4*v**2 + 7 - 11*v. What is h(-9)?
-2
Suppose -4*f - 4 + 34 = -5*w, 12 = -w + 2*f. Let v(n) = 1 - 2 + 2*n - 95*n**3 + 0 + 92*n**3. Determine v(w).
19
Let s(p) = -p**3 + 3*p**2 - 7*p + 4. Let v be s(2). Let l be v/4 - (-66)/(-12). Let q(r) = -r - 7. Give q(l).
0
Let a(l) be the third derivative of -l**6/120 - l**5/60 + l**4/6 + l**3/3 - 2*l**2 + 16*l. Determine a(-3).
8
Let i = 168 + -170. Let k(t) be the third derivative of t**6/120 + t**5/30 + t**4/24 - t**3/6 + 3*t**2. What is k(i)?
-3
Let q(j) = -j**2 - 3*j - 10. Let l be (-2 + -2)/((-9)/(-18)). Determine q(l).
-50
Suppose -r = -2 - 1. Suppose 2*c + l + 0*l - r = 0, -3*l = 2*c - 1. Suppose 0 = c*n - 7*n - 2*a - 16, -4*n + 4*a = -4. Let d(j) = -3*j**2 - 1. Determine d(n).
-13
Suppose 6*p + 4*f = p + 48, 0 = -3*f + 6. Let t(x) = -9 - 5*x + 1 + p*x. Determine t(6).
10
Let j be 80/(-30)*18/(-4). Let k(q) = -q + 8. Determine k(j).
-4
Let i = -961 + 957. Let j(b) = -b**3 - 3*b**2 + 3*b - 1. Calculate j(i).
3
Let k(u) be the third derivative of -u**4/3 + 7*u**3/6 - 24*u**2. Let b(l) = l**2 + 9*l - 8. Let m(g) = 3*b(g) + 4*k(g). Calculate m(3).
16
Let z(l) be the third derivative of -l**5/30 - 7*l**4/8 - 3*l**3/2 + 111*l**2. What is z(-8)?
31
Let n be 70/(-7)*(-8)/(-20). Let u(b) = -b**3 - 3*b**2 + 7*b + 5. Determine u(n).
-7
Suppose 5 = 7*g - 9. Let t = 1 + g. Let m(n) = n - 3. Calculate m(t).
0
Let c = 8161/120 + -68. Let b(r) be the third derivative of -c*r**6 + 0*r + 1/12*r**4 + r**3 + 0 - 1/15*r**5 + 2*r**2. Determine b(-4).
-2
Let b(g) = -3*g + 10*g**3 + 0*g - 12*g**3 + 1 + 4*g**2. Let x(q) = q**2 + 8*q + 15. Let o be x(-6). Suppose 8*u - 13 - o = 0. Determine b(u).
-5
Let z(m) be the first derivative of m**5/20 - 20*m**3/3 + 43. Let h(x) be the third derivative of z(x). Calculate h(1).
6
Let c(v) = -6*v + 22. Let z be c(3). Let b(w) = -2 + 2*w + w**3 - 6*w**2 - 3*w + 1 - z. Give b(6).
-11
Let r(c) = -c**3 - c + 1. Let u(i) = -5*i**3 - 5*i**2 - 4*i + 2. Let x(j) = 4*r(j) - u(j). Let l(z) = 5*z**2 - 34*z - 12. Let n be l(7). Give x(n).
2
Let i(z) = 0*z + 2*z**2 + 10*z + 5*z**2 + z**3 - 6*z. Give i(-5).
30
Suppose 8*t - 47 - 1 = 0. Let r(l) = 9*l - t*l - 5*l**2 + 0*l + l**3. Calculate r(4).
-4
Let v be (-3 - 0)/(18/(-24)). Let k(q) be the second derivative of 11*q + 0 + 1/12*q**4 - 1/2*q**3 + 1/2*q**2. What is k(v)?
5
Let n(v) = v - 2. Suppose 4*l = 27 - 3. Let i = l - 8. Let x be n(i). Let h(q) = -q**3 - 3*q**2 + 4*q - 3. What is h(x)?
-3
Suppose 0*n = -2*n - 5*k + 4, 2*k = -4*n - 8. Let c(y) = 5 - 2 - 2 - 3*y. Determine c(n).
10
Let h(a) = a + 5. Let x = 14 + -15. Let j(o) = 1. Let w(t) = x*h(t) + 4*j(t). What is w(-6)?
5
Let s be (-21)/(-6) + (-9)/(-6). Let k(o) = -o**2 - 2*o - 4*o + o + s. What is k(-5)?
5
Suppose -10 = 2*j + k, j + 2 = k - 3. Let w(v) be the third derivative of v**4/24 + v**3/3 + 44*v**2. Determine w(j).
-3
Let l(n) = 2*n**2 - 2*n + 1. Suppose -3*r - 5*b - 1 = -11, r - 5*b - 30 = 0. Suppose -6 - r = 8*c. What is l(c)?
13
Let i(s) be the first derivative of s**4/4 + s**3/3 + s**2 + s + 508. Let a(x) = -2*x + 6. Let u = -1 - -5. Let h be a(u). Give i(h).
-7
Let c(o) = 126 - 3*o - 2*o - 64 - 66. What is c(-3)?
11
Let b be ((-2)/(-6))/(1/9). Let l(z) be the first derivative of 1/3*z**3 + z - 3 - 3/2*z**2. Give l(b).
1
Let f = 474 + -473. Let w(d) = 44*d**2 - 1. What is w(f)?
43
Let k(a) be the second derivative of a**6/144 + a**5/120 - 11*a**4/12 + 6*a. Let c(y) be the third derivative of k(y). Give c(2).
11
Let t be (0/(-3))/(1 - -1). Let s(f) = -3*f + 10. Let r(j) = -6*j + 5*j + 0*j. Let u(o) = -2*r(o) + s(o). What is u(t)?
10
Let u(g) = -g**3 - 9*g**2 + 10*g + 10. Let t = -152 - -142. Determine u(t).
10
Let x(h) = 3*h**3 + 13*h**2 - 53*h - 1. Let p(f) = -2*f**3 - 7*f**2 + 32*f. Let c(j) = -5*p(j) - 3*x(j). Let a = 17 - 12. Give c(a).
23
Let r = -32 - -30. Let m(p) = -p**2 + 1. Let g be m(1). Let n(v) = -2*v**2 - 3*v + 5*v - 1 - 3*v + g*v. What is n(r)?
-7
Let y(x) = -9*x**2 - 56*x - 9. Let g be y(-6). Let s(k) = -k**3 + k**2 + k + 4. Calculate s(g).
-11
Let p(q) be the third derivative of -q**6/360 - 3*q**5/40 - q**4/3 + 3*q**3/2 - 2*q**2. Let u(b) be the first derivative of p(b). What is u(-7)?
6
Let f(q) = q**2 - 13*q + 5. Let g(x) = 13*x - 109. Let d be g(9). Give f(d).
-35
Let c = 16 - 0. Suppose -u = -5*u - 68. Let x = u + c. Let p(d) = -5*d**3 + d. Give p(x).
4
Suppose 282 - 66 = 27*s. Let u(j) = -j**3 + 9*j**2 - 9*j - 6. Calculate u(s).
-14
Suppose 1 = -3*q + 3*g + 13, -2*q + 3*g = -9. Let j(w) = w**3 - 5*w**2 + 2*w - 1. Calculate j(q).
-13
Let m(g) = g - 6. Let o(d) = -d - 7. Let n = -28 + 20. Let k be o(n). Let h be (k - -1) + (8 - 5). Calculate m(h).
-1
Suppose -18*z + 13*z = -20. Let r(v) = z - 2*v - 4*v + v + 6*v. What is r(-5)?
-1
Let p(l) be the first derivative of -l**3/3 - l**2 + 57*l + 388. Give p(0).
57
Let v(c) be the third derivative of 0 + 1/60*c**5 + 1/120*c**6 + 0*c - 1/24*c**4 - 26*c**2 + 1/6*c**3. Give v(1).
2
Let o(c) = -2*c**3 + 2*c. Let i(p) = 11*p**3 + 8*p**2 - 15*p + 6. L